re the prime factors of 4749860?
2, 5, 53, 4481
What are the prime factors of 8225706?
2, 3, 53, 25867
List the prime factors of 132205.
5, 137, 193
List the prime factors of 1369885.
5, 11, 24907
What are the prime factors of 5373419?
41, 131059
List the prime factors of 60362.
2, 30181
What are the prime factors of 1794683?
11, 19, 31, 277
List the prime factors of 28144.
2, 1759
What are the prime factors of 1176619?
617, 1907
What are the prime factors of 524681?
524681
What are the prime factors of 154124?
2, 53, 727
List the prime factors of 756054.
2, 3, 13, 359
What are the prime factors of 10788618?
2, 3, 19, 101, 937
What are the prime factors of 3376916?
2, 37, 22817
What are the prime factors of 231681?
3, 29, 2663
List the prime factors of 960140.
2, 5, 61, 787
List the prime factors of 15245.
5, 3049
List the prime factors of 6015113.
13, 337, 1373
What are the prime factors of 700070?
2, 5, 7, 73, 137
What are the prime factors of 25298263?
31, 149, 5477
List the prime factors of 367787.
7, 52541
What are the prime factors of 3775544?
2, 471943
What are the prime factors of 1157156?
2, 7, 11, 13, 17
List the prime factors of 140484.
2, 3, 23, 509
List the prime factors of 1082128.
2, 47, 1439
What are the prime factors of 15157059?
3, 5052353
List the prime factors of 147473.
89, 1657
What are the prime factors of 381242?
2, 17, 11213
What are the prime factors of 2311065?
3, 5, 17, 19, 53
What are the prime factors of 5361438?
2, 3, 23, 38851
What are the prime factors of 2720141?
23, 227, 521
List the prime factors of 170656.
2, 5333
List the prime factors of 233050.
2, 5, 59, 79
List the prime factors of 2087849.
977, 2137
List the prime factors of 1081591.
7, 17, 61, 149
List the prime factors of 15195590.
2, 5, 103, 14753
List the prime factors of 7402.
2, 3701
What are the prime factors of 113184?
2, 3, 131
List the prime factors of 1229275.
5, 49171
List the prime factors of 28586243.
7, 4083749
What are the prime factors of 740842?
2, 370421
What are the prime factors of 18308?
2, 23, 199
List the prime factors of 880155.
3, 5, 19559
List the prime factors of 3376643.
3376643
List the prime factors of 818644.
2, 103, 1987
List the prime factors of 115022.
2, 17, 199
What are the prime factors of 621450?
2, 3, 5, 1381
List the prime factors of 2367307.
487, 4861
What are the prime factors of 835930?
2, 5, 179, 467
What are the prime factors of 30214985?
5, 23, 262739
What are the prime factors of 10127755?
5, 11, 89, 2069
List the prime factors of 8153087.
229, 35603
List the prime factors of 314679.
3, 29, 3617
What are the prime factors of 560849?
43, 13043
What are the prime factors of 4159609?
1459, 2851
List the prime factors of 3310604.
2, 11, 67, 1123
What are the prime factors of 9074559?
3, 13, 232681
List the prime factors of 23752323.
3, 7, 377021
List the prime factors of 337870.
2, 5, 13, 23, 113
What are the prime factors of 66844?
2, 17, 983
List the prime factors of 1546530.
2, 3, 5, 51551
List the prime factors of 4222943.
67, 63029
What are the prime factors of 860613?
3, 13, 22067
List the prime factors of 4448162.
2, 383, 5807
List the prime factors of 6326848.
2, 11, 19, 43
List the prime factors of 268973.
268973
What are the prime factors of 1671082?
2, 7, 119363
List the prime factors of 663374.
2, 17, 109, 179
List the prime factors of 2647792.
2, 7, 47, 503
List the prime factors of 3371933.
17, 198349
What are the prime factors of 2519299?
83, 127, 239
What are the prime factors of 66276?
2, 3, 7, 263
What are the prime factors of 2422349?
911, 2659
What are the prime factors of 17184826?
2, 53, 223, 727
List the prime factors of 209547.
3, 13, 199
What are the prime factors of 2389878?
2, 3, 44257
What are the prime factors of 592277?
7, 211, 401
List the prime factors of 246328.
2, 41, 751
What are the prime factors of 653699?
761, 859
What are the prime factors of 1897644?
2, 3, 7, 19, 29, 41
List the prime factors of 2363410.
2, 5, 7, 19, 1777
What are the prime factors of 1199890?
2, 5, 97, 1237
What are the prime factors of 2574179?
2574179
What are the prime factors of 7229?
7229
List the prime factors of 143953.
143953
What are the prime factors of 5593808?
2, 11, 37, 859
What are the prime factors of 15770656?
2, 11, 4073
List the prime factors of 15867774.
2, 3, 13, 19, 43, 83
What are the prime factors of 27996453?
3, 3110717
What are the prime factors of 17999975?
5, 7, 73, 1409
List the prime factors of 11744733.
3, 7, 11, 13, 3911
What are the prime factors of 3353102?
2, 1676551
What are the prime factors of 142161?
3, 47387
List the prime factors of 7241914.
2, 3620957
List the prime factors of 1195673.
1195673
List the prime factors of 1736526.
2, 3, 11, 83, 317
List the prime factors of 358809.
3, 11, 83, 131
List the prime factors of 854749.
7, 23, 5309
What are the prime factors of 342921?
3, 151, 757
What are the prime factors of 4274297?
19, 23, 9781
What are the prime factors of 2146074?
2, 3, 7, 37, 1381
What are the prime factors of 2993007?
3, 47, 21227
What are the prime factors of 254770?
2, 5, 73, 349
List the prime factors of 566052.
2, 3, 43, 1097
What are the prime factors of 224887?
13, 17299
What are the prime factors of 16707400?
2, 5, 83537
What are the prime factors of 13262748?
2, 3, 43, 25703
What are the prime factors of 441673?
101, 4373
What are the prime factors of 4538419?
113, 40163
List the prime factors of 733452.
2, 3, 61121
What are the prime factors of 1278824?
2, 159853
List the prime factors of 2418960.
2, 3, 5, 10079
List the prime factors of 430933.
17, 25349
What are the prime factors of 449748?
2, 3, 13, 31
List the prime factors of 4881014.
2, 23, 106109
List the prime factors of 397495.
5, 7, 41, 277
List the prime factors of 29134.
2, 7, 2081
List the prime factors of 22658427.
3, 11, 23, 31, 107
List the prime factors of 516427.
59, 8753
What are the prime factors of 292352?
2, 571
List the prime factors of 27665.
5, 11, 503
List the prime factors of 245056.
2, 7, 547
List the prime factors of 762290.
2, 5, 31, 2459
What are the prime factors of 759193?
759193
List the prime factors of 245869.
13, 18913
What are the prime factors of 1618658?
2, 71, 11399
What are the prime factors of 20508836?
2, 131, 39139
List the prime factors of 14809463.
14809463
What are the prime factors of 60352?
2, 23, 41
What are the prime factors of 1469285?
5, 29, 10133
List the prime factors of 353842.
2, 176921
List the prime factors of 244429.
244429
What are the prime factors of 7894012?
2, 7, 257, 1097
List the prime factors of 109074.
2, 3, 7, 53
What are the prime factors of 565574?
2, 59, 4793
List the prime factors of 2110067.
197, 10711
List the prime factors of 861382.
2, 430691
What are the prime factors of 20780700?
2, 3, 5, 113, 613
List the prime factors of 2437082.
2, 641, 1901
What are the prime factors of 3268898?
2, 23, 179, 397
List the prime factors of 372468.
2, 3, 31039
What are the prime factors of 3435830?
2, 5, 343583
What are the prime factors of 9742752?
2, 3, 33829
List the prime factors of 745984.
2, 31, 47
What are the prime factors of 3476692?
2, 869173
What are the prime factors of 1343663?
17, 79039
List the prime factors of 590534.
2, 7, 42181
What are the prime factors of 499788?
2, 3, 13883
List the prime factors of 194181.
3, 13, 383
List the prime factors of 28003356.
2, 3, 777871
List the prime factors of 245905.
5, 11, 17, 263
What are the prime factors of 289882?
2, 144941
List the prime factors of 320627.
320627
What are the prime factors of 10101282?
2, 3, 967, 1741
List the prime factors of 26054.
2, 7, 1861
List the prime factors of 589867.
41, 14387
What are the prime factors of 971772?
2, 3, 47, 1723
What are the prime factors of 77172?
2, 3, 59, 109
What are the prime factors of 1577654?
2, 13, 60679
What are the prime factors of 19193510?
2, 5, 7, 17, 127
List the prime factors of 550176.
2, 3, 11, 521
List the prime factors of 3937154.
2, 13, 151429
List the prime factors of 1582253.
283, 5591
List the prime factors of 1618477.
7, 19, 43, 283
What are the prime factors of 294426?
2, 3, 11, 1487
What are the prime factors of 8887949?
7, 29, 43783
What are the prime factors of 948946?
2, 617, 769
What are